041 = -10*l. Calculate the greatest common factor of l and 135.
45
Let y be (0 + 2/(-6))*-15. Let m(c) = 19*c + 3. Let s(b) = 29*b + 4. Let k(o) = y*s(o) - 8*m(o). Let a be k(-7). What is the highest common factor of 5 and a?
5
Suppose 10*n - 3 = 7*n, -5*d - 3*n = -2873. What is the highest common factor of d and 164?
82
Let h(a) = -13*a - 1. Let m be h(-1). Let p = -127 + 129. Suppose 2*o - 198 = 3*r, -3*o + p*o - 4*r + 88 = 0. Calculate the greatest common divisor of m and o.
12
Suppose r - 98 = -4*s, -5*r = 2*s + 2*s - 506. What is the greatest common divisor of r and 255?
51
Let h = 9 - 12. Let j = h - -1. Let b be ((-9)/j)/((-3)/(-28)). What is the highest common divisor of 28 and b?
14
Let r be (-7 - -79)*(-4)/(-3). What is the greatest common divisor of 216 and r?
24
Let l be 600/6 + 3 + 0. Let n = l - 35. Suppose 0 = -2*z + z + 17. What is the greatest common factor of n and z?
17
Let v(g) = -29*g**2 + 18*g**2 + 15*g**2 - 12*g. Let b be v(-5). What is the greatest common divisor of 20 and b?
20
Let a = 173 + -10. Suppose 6*z - 365 = a. What is the greatest common divisor of z and 132?
44
Let q be 3*-2*7*(-36)/42. What is the highest common factor of q and 198?
18
Let n be (0 + -4 + -3)*30/(-21). Let u = n + 13. Calculate the greatest common divisor of 161 and u.
23
Let w be (5/(-7))/((-19)/133). Suppose w*i - 386 = -r, -3*i + 48 = -5*r - 206. Let y = -12 + i. What is the greatest common factor of y and 44?
22
Let c = -13 - -18. Suppose 0 = -c*p + 305 - 110. Let n(x) = -x**2 + 10*x - 8. Let t be n(7). Calculate the greatest common factor of t and p.
13
Let m = 8 - 6. Suppose m*u = -1 + 5. Suppose -4*a + 94 = u*l, 2*a - 6*a + 4*l = -64. Calculate the highest common factor of a and 21.
21
Suppose -227*s - 130 = -228*s + 4*o, -4*s = 5*o - 604. What is the highest common divisor of 949 and s?
73
Let y be 12 + ((-4)/10)/((-1)/(-5)). Let k be 2*y*(-4)/(-16). Calculate the highest common divisor of 1 and k.
1
Suppose 0 = -2*j - 9 + 13. Suppose 5*s - 3*s - 7 = -5*x, 2*x - j*s = 0. Calculate the highest common divisor of x and 2.
1
Suppose -3 + 13 = 5*x. Suppose -z = -3*z, -2*l = x*z - 968. Calculate the greatest common divisor of 44 and l.
44
Let r(c) = -c**3 - 5*c**2 - 9*c - 19. Let k be r(-6). Let n = k + -58. Calculate the highest common divisor of n and 26.
13
Let b = 333 - 282. What is the highest common divisor of b and 85?
17
Let q(y) be the third derivative of -y**6/120 + y**5/6 + 25*y**4/24 - 2*y**3/3 - 15*y**2. Let m be q(12). Calculate the greatest common factor of 4 and m.
4
Suppose 3*r + 5*f - 1539 = 0, 93 = 2*r - 2*f - 949. What is the highest common divisor of r and 14?
14
Let r = 65 - -99. Suppose -4*h - r = -3*b, -3*b - 292 = -8*b + 2*h. Suppose -5*i + 118 = 18. Calculate the greatest common factor of i and b.
20
Suppose -1634 = -48*b + 1726. Calculate the highest common factor of b and 2590.
70
Suppose 0*b + b = 0, 3*b + 20 = 5*o. Suppose 32 = 2*u - 2*m, 2*u - o*m - 25 - 7 = 0. What is the greatest common factor of u and 16?
16
Suppose -o = -k + 27 - 35, 4*k = 3*o - 19. Suppose r = 4*r - 156. What is the greatest common factor of o and r?
13
Suppose 0 = -5*s + 2*f - 118, -3*f = -2*s + 3 - 59. Let h(i) = i**2 - 2*i + 44. Let y be h(0). Let u = y + s. Calculate the highest common factor of 198 and u.
22
Let r(p) = -p**2 + 7 + 8 + 2*p**2 - 15*p. Let o be r(13). Let v be (-2)/11 - 134/o. Calculate the greatest common divisor of v and 8.
4
Let s = 32 + -23. Suppose 151 = 2*k - 47. What is the highest common divisor of s and k?
9
Suppose 6*u + 1125 = 2721. What is the greatest common factor of 14 and u?
14
Suppose 18 = -6*k + 162. Suppose k = 6*i - 2*i. Calculate the highest common divisor of i and 6.
6
Let t(l) = -6*l + 4. Let q be t(-2). Let f = 34 - q. Let s be (-9)/f + 142/4. What is the highest common divisor of 5 and s?
5
Let x(k) = 2*k**3 + 3*k**2 - 3. Let l be x(2). Let a = l - 22. What is the highest common factor of a and 6?
3
Let f be 380 + 4*(-18)/24. What is the highest common divisor of f and 58?
29
Suppose 2*b - 96 = -2*b - 4*r, 0 = -2*b + 2*r + 40. Let v = 782 - 727. Calculate the greatest common divisor of v and b.
11
Suppose 3*o = 24 + 21. Let s be (-5)/(-25) + 42/o. Suppose -3*f - s - 2 = -v, -71 = -4*v - 5*f. Calculate the greatest common divisor of v and 70.
14
Let t(k) = k**3 - 4*k**2 + 8*k - 10. Let x be t(4). Let h = -34 + x. Let j be (h - -7)/((-1)/12). Calculate the highest common factor of 15 and j.
15
Let d = 127 - 69. Let c = d + -22. What is the greatest common divisor of c and 4?
4
Suppose 2*q - y - 11 = 0, 6*q + 4*y = 4*q - 14. Suppose 11*a - 160 = q*a. Calculate the greatest common factor of 80 and a.
20
Suppose -3*x - 4*a - 22 = -5*x, 2 = x + a. Suppose -x*k - 320 = -9*k. What is the greatest common divisor of 20 and k?
20
Let z(j) = 4*j**3 - 4*j**2 + j + 2. Let d be (-6)/(-9)*3 - 11. Let p be (-3)/d*3 - -2. Let h be z(p). Calculate the highest common factor of 7 and h.
7
Let b = 221 + -176. What is the greatest common divisor of b and 30?
15
Let c be ((-1380)/(-18))/((-1)/18*-2). What is the greatest common divisor of c and 30?
30
Let u be 739/2 + 8/16. Suppose -q - 3*q = -4*f - 280, -5*q - u = 5*f. Let a be (f/(-5))/((-27)/(-180)). What is the highest common divisor of 12 and a?
12
Suppose -41 = -3*a - 2*r - 7, -5*r = -5*a + 15. What is the greatest common factor of 88 and a?
8
Suppose -47*h + 43*h - 5*a + 12 = 0, 4*a - 15 = -5*h. Let o = 31 + -7. Calculate the highest common divisor of h and o.
3
Let b be (-108)/(-14) - (-12)/42. Let n = b + -5. Suppose -n = -f, -t - f + 3*f = 0. What is the highest common divisor of 6 and t?
6
Let w = 60 - 47. Suppose -g - 210 = -6*g. Let x = g + 49. Calculate the greatest common factor of x and w.
13
Suppose -118 = 2*x - v - 2*v, 0 = -x + v - 60. Let a = x + 68. What is the highest common factor of a and 30?
6
Suppose 0 = 13*f - 178 - 4697. Calculate the greatest common divisor of 30 and f.
15
Suppose -5*t = -3*h - 223, -43 = -t + 25*h - 26*h. Calculate the highest common divisor of t and 4.
4
Suppose 0 = -m, -n + 0*m - 2*m + 43 = 0. Let a = 89 + n. Calculate the highest common factor of 12 and a.
12
Suppose -5*v - 1616 = -21*v. Let g = -85 + v. What is the highest common factor of g and 32?
16
Suppose 23 = 2*u + 5*v - 13, -3*u + 5*v = -79. Calculate the highest common factor of 46 and u.
23
Let g = -87 + 204. Suppose -10*u + 25 = -65. Calculate the greatest common factor of g and u.
9
Let h be (((-225)/40)/(-5))/(18/144). What is the highest common factor of 396 and h?
9
Let u be 9 - 10/((-80)/8328). Calculate the highest common factor of u and 42.
42
Let k(s) = 34*s - 78. Let x be k(3). Let u be ((-12)/(-15))/(2/20). Calculate the greatest common factor of u and x.
8
Let p be 34 - (1 - (0 - 1)). Let c = -26 + p. Suppose 0 = -u + 1 + 1. What is the greatest common factor of c and u?
2
Let j = -52 + 56. Suppose j*i = -60 + 204. What is the highest common divisor of i and 252?
36
Suppose -2*l + 3*v + 160 = 6*v, -l + v + 75 = 0. What is the greatest common factor of 99 and l?
11
Suppose 2*w + 5*y = -56, 0*w - 5*y + 43 = -w. Suppose 296 + 304 = 4*o. Let u = o + w. What is the highest common factor of 13 and u?
13
Let u = -76 + 73. Let d(v) = -7*v + 1. Let p be d(u). Calculate the highest common divisor of 66 and p.
22
Let z(s) = -30*s + 65. Let o be z(2). Calculate the highest common divisor of o and 745.
5
Suppose c - 2*p - 260 = 0, -4*c + 4*p + 267 = -757. Calculate the greatest common divisor of c and 72.
36
Suppose 3*z = 5*z. Suppose -x = -z - 4. Calculate the highest common factor of 12 and x.
4
Suppose 36*k = -12*k + 336. Calculate the highest common factor of 1687 and k.
7
Let a be (-3)/((-70)/55 - (-1 - 0)). Suppose 0 = -a*o + 13*o - 30. Calculate the greatest common divisor of o and 3.
3
Let q = 266 + 106. Calculate the highest common factor of 48 and q.
12
Suppose 4*a + 700 = 4*o, 0 = 4*o + 3*a + 2*a - 691. Let h = o + -104. What is the greatest common factor of 10 and h?
10
Let t(n) = n**3 - 15*n**2 + 12*n + 19. Let u be t(15). Suppose 0 = -2*m - 4, -z = 2*m + 2*m - u. What is the highest common divisor of 23 and z?
23
Suppose 0 = 2*x - 3*x. Suppose 4*g - 4*j - 72 = x, -4*g + 5*j + 15 + 55 = 0. What is the highest common divisor of g and 50?
10
Let